f (140/(-16))/(q/24)?
0
Suppose -5*g = -5*o - 25655, 7615 = 2*g - 3*o - 2641. What is the thousands digit of g?
5
Suppose 0 = 47*f - 458311 - 2772798. What is the hundreds digit of f?
7
Let m = -5143 + 10380. What is the thousands digit of m?
5
Suppose 2*v - 5 = 5*y, 1 = -2*y - 3*v + 18. Let m be y*(22/6)/(1/3). Let h(d) = d**2 - 6*d + 18. What is the tens digit of h(m)?
7
What is the hundreds digit of (-1590)/477 + 4916/6?
8
Suppose -30 = -0*c + 6*c. Let q be (-4 - (-8 - c))/((-2)/(-446)). What is the tens digit of -2*3/9*(1 + q)?
4
Suppose 9 = d - 11. Suppose 0 = -0*g - 4*g - d. Let r = 20 + g. What is the units digit of r?
5
Let h(b) = 392. Let x(d) = 3*d - 391. Let o(j) = -4*h(j) - 5*x(j). What is the units digit of o(0)?
7
Let y = 55779 + -34984. What is the thousands digit of y?
0
Suppose -4*m = 108 - 12. Let c = 26 + m. Suppose 8 = -c*f, 5*i - 283 + 86 = -2*f. What is the units digit of i?
1
Suppose 14*q + 22*q = 18*q + 13140. What is the units digit of q?
0
Let m be -4 - (-46)/12 - 31/(-6). Suppose 41 = m*p - 24. What is the tens digit of p/3*(-1)/((-2)/6)?
1
Let i be (-2)/(-3) + 40/3 + 3. Suppose 11*f = i + 49. Suppose f*c - 1449 = c - q, -2*c - q = -582. What is the units digit of c?
9
Suppose 546680 = 97*g - 676490. What is the ten thousands digit of g?
1
Suppose -2*h - 45 = -1959. Let d = 1375 - h. Suppose -4*c + d = -10. What is the tens digit of c?
0
Let v(i) = -3*i + 79. Let y be v(15). Suppose 0 = 37*n - y*n - 519. What is the units digit of n?
3
Let c = -28238 - -39622. What is the thousands digit of c?
1
Suppose -6*a = -4*d - 2*a - 472, 5*d - a + 598 = 0. Let f = 514 + d. What is the tens digit of f?
9
Suppose 0 = -2*q - 171 + 213. What is the units digit of ((-10)/(-15))/((-14)/q) - -930?
9
Let f be (4/(-12))/(5*7/210). What is the hundreds digit of f + (-10)/2 + 1387?
3
Let z be 4 + -3 + (-6 - 2). What is the tens digit of (-1 - -1) + z/14*-154?
7
Suppose 9*t = -0*t + 1134. Let l be (-6)/(-15) - 56/(-10). Suppose 0*a + l*a = t. What is the tens digit of a?
2
Let f(h) = 3*h**2 + 10*h + 8. Let b(u) = -u**2 - 2 - 1 + 2. Let n(l) = -2*b(l) - f(l). What is the tens digit of n(-7)?
1
Let n(h) = 14*h - 61. Let u(z) = z**3 + 16*z**2 - 2*z - 19. Suppose 2*s = -2*s - 20, 3*q = -3*s - 63. Let w be u(q). What is the tens digit of n(w)?
2
What is the hundreds digit of ((-203)/(-174))/((-2)/3)*-1004?
7
Let s = -51376 - -82114. What is the thousands digit of s?
0
Let w(y) = 333*y**2 + 23*y - 84. What is the tens digit of w(5)?
5
Let z(c) = -c**2 - 11*c - 13. Let i be z(-10). What is the hundreds digit of i - -5 - 186/(-1)?
1
Let i(r) = -r**3 + 34*r**2 + 139*r + 18. What is the units digit of i(35)?
8
Let r be 6*(-2)/14*420/(-2). Let p = 65 + r. What is the tens digit of p?
4
Suppose 8*g + 3 - 19 = 0. Suppose 5*d = -g*y + 635, d + 127 = 2*d - 5*y. Let m = -58 + d. What is the tens digit of m?
6
Let r(i) = -53*i + 66. Let w be r(4). Let h = w - -275. What is the units digit of h?
9
Let y(i) = -47*i + 2. Let o be y(2). Let r = 485 + o. What is the tens digit of r?
9
Let c = 30586 - 3161. What is the ten thousands digit of c?
2
Let n(k) = 53*k + 17. Let u = -144 + 150. What is the units digit of n(u)?
5
Let k = 8 - -62. Let u(w) = 2*w - w + 5*w + k - 2*w. What is the units digit of u(0)?
0
What is the tens digit of 0*((-12)/13 - 26/338) - -28376?
7
Let k(s) = 2*s**3 + 11*s**2 - 53*s + 585. What is the ten thousands digit of k(20)?
1
Let s(o) = -20*o**2 - o. Let u(g) = 40*g**2 + 2*g. Let v(l) = 11*s(l) + 6*u(l). Suppose 9*m - 16 - 2 = 0. What is the units digit of v(m)?
2
Let u(w) = -234*w + 17. Let y(j) = 59*j - 4. Let r(f) = -2*u(f) - 9*y(f). Suppose 8 = b + 10. What is the tens digit of r(b)?
2
Let c = -238 + 175. Let n = 341 + -233. Let x = n + c. What is the tens digit of x?
4
What is the hundreds digit of (0/(-3) + -2346 - (-7 - -12))*-2?
7
Let d = -54798 + 106145. What is the ten thousands digit of d?
5
Let t = -328 - -1670. Suppose -10*f - t = -4052. What is the tens digit of f?
7
Suppose -3*h - h = -2*n - 8, 4*n + 1 = 3*h. Suppose -2*c - 12 = -6*c, -5*x + h*c = -3816. What is the hundreds digit of x?
7
Suppose 3*o - 2002 - 8558 = 2*i, 4*o - 2*i - 14082 = 0. What is the tens digit of o?
2
Let c(j) be the first derivative of 2*j**2 + 28*j - 58. What is the tens digit of c(17)?
9
Let h(v) = v**3 - 9*v**2 - 10*v - 2. Let r be h(10). Let l(f) = -3*f - 2. Let o be l(r). What is the tens digit of ((-4)/5)/(o/(-90))?
1
Suppose 5*p + 4*k - k = 155, 4*k = -5*p + 160. What is the tens digit of 39992/p - (96/(-56) - -2)?
2
Let v be (-12 + 13)/((-2)/4)*-2. Suppose -v*u - 368 = -4*h, 2*u - 25 = -3*u. Suppose 0 = -2*r + h + 141. What is the hundreds digit of r?
1
Suppose -61*p - 64*p = -114*p - 5038. What is the hundreds digit of p?
4
Let c(d) = d**2 - 8*d + 6. Let x be 20*(-1)/1*(-39)/(-78). What is the tens digit of c(x)?
8
Let u be -3 + (4 - 1) + 1 + 2. Suppose t + 2 = -u, -3*y - t = -1. Suppose 3*b = y*b + 20. What is the units digit of b?
0
Suppose -3*c - 129 + 126 = 0. Let s be c/7*-11 + 39/91. Suppose -r + 20 = -s*g + 146, 3*r = 6. What is the units digit of g?
4
Let f(d) = 17*d**3 - 154*d**2 + 122*d - 4. What is the thousands digit of f(19)?
3
Suppose -35 = -5*w - 3*s, 4 + 4 = -3*w + 4*s. Suppose 1 + 2 = q, -w*q - 283 = -5*u. What is the units digit of u?
9
Suppose 2292 = -3*x - 0*k - 3*k, -6 = 2*k. Let s = 1150 + x. Suppose -s = -4*h + 219. What is the units digit of h?
2
Let j(o) = 40*o**2 + 309 - 316 - o**3 - 22*o + 15*o. What is the tens digit of j(39)?
4
Suppose 4*j = -20, 5*i - 3*j = 6381 + 27564. What is the thousands digit of i?
6
Suppose -61 + 13 = 8*w. Let h(i) = -32*i - 103. What is the tens digit of h(w)?
8
Let r be (1 - (9 - 4))/(-1). Suppose t - 1570 = -r*t + c, -5*t + 1575 = -2*c. What is the hundreds digit of t?
3
Let g(s) = s**2 + 28*s + 101. Let f be g(-24). Suppose 2041 = 9*w - 6*w - 4*v, -3*w + 2039 = -f*v. What is the units digit of w?
3
Suppose -5*j - 2*h + 23479 = 0, 2*j + 2*h - 2745 = 6649. What is the hundreds digit of j?
6
Suppose 7*h - 43287 = -4745. What is the units digit of h?
6
Let u(i) = 42*i - 47. Let d(m) = -43*m + 49. Let s(a) = 5*d(a) + 4*u(a). What is the hundreds digit of s(-9)?
4
Suppose 0 = 8*m - 5*m + 66. Let j = m - -25. Suppose 3*d + j*x + 181 - 445 = 0, -2*d = 3*x - 172. What is the tens digit of d?
9
Suppose -199*x = -2737156 - 72326 - 587647. What is the thousands digit of x?
7
What is the units digit of 25/(100/32) + (27331 - -2)?
1
Let b(u) = 2*u**2 + 11*u + 1. Let r be b(-5). What is the units digit of (-2 - -229) + r + -2?
1
Let k(o) = -o**2 - 10*o + 13*o - 2*o**2 - 2 + 17*o**2. Let u be k(4). Suppose -4*h = -10*h + u. What is the units digit of h?
9
Suppose -25998*g - 804328 = -26012*g. What is the units digit of g?
2
What is the units digit of ((-206730)/(-60) + -1 + -3)/(13/78)?
9
Let s(x) = x**2 + 3*x - 95. Let c be s(0). What is the hundreds digit of 3/(30/5018) - (-76)/c?
5
Suppose -4*u + 4073 = 5*r - 2274, 1275 = r - 2*u. What is the units digit of r?
1
What is the tens digit of (0 + 9057)*(16/(-14))/((-1464)/4270)?
9
Suppose -10*v = -7*v - 201. Suppose v*r - 69*r = 0. Suppose r*o = o - 4, 0 = -f - o + 8. What is the units digit of f?
4
Let w(d) = 670*d**2 - 34*d + 118. What is the hundreds digit of w(4)?
7
Let l = 827 + -1398. Let k = l - -1011. What is the units digit of k?
0
Let x = 795 - 127. Let h = x + 61. What is the hundreds digit of h?
7
Let y(h) = 23*h**2 + 1. Suppose -6*o + 2*o - 20 = 0, -b = 5*o + 32. What is the tens digit of y(b)?
2
Suppose 2679 = 5*b + 4*z, 4*b - 2138 = -0*z + 2*z. Suppose -3*n + b - 88 = 0. What is the hundreds digit of n?
1
Suppose -19 = -2*k - 17. What is the units digit of (k - -181)*7*8/16?
7
Let z = -2549 + 4154. Suppose 7*p = 3*p + a + z, -4*a - 1220 = -3*p. Suppose -4*t - 3*d = -p, 4*t - 400 = -0*d - d. What is the units digit of t?
0
Suppose 3*z + 410 = 32. Let j be -5 + ((-13261)/(-596))/((-2)/16). Let u = z - j. What is the tens digit of u?
5
Let w(l) = -28*l + 24. Suppose 0 = u - 0 + 6. What is the hundreds digit of w(u)?
1
Suppose 11*c = 42*c - 13*c - 9846. What is the hundreds digit of c?
5
What is the ten thousands digit of (2496/30)/((-14)/(-5845))?
3
Let l = 178 + -202. What is the units digit of ((-9)/(-4) + -2)/((-2)/l)?
3
Let a =